ivide 499611873?
True
Is 375 a factor of 219160293?
False
Is 243263741 a multiple of 16?
False
Is 73861181 a multiple of 40?
False
Does 125 divide 13815000?
True
Is 27621218 a multiple of 43?
False
Is 5347229288 a multiple of 1103?
True
Is 89744252 a multiple of 23?
True
Is 4847774 a multiple of 386?
True
Is 218 a factor of 4850416?
False
Is 3435278895 a multiple of 73?
True
Is 9 a factor of 76358945?
False
Is 405946741 a multiple of 24?
False
Is 306 a factor of 15124504?
False
Does 119 divide 478762667?
False
Is 23 a factor of 97690240?
False
Is 50348311 a multiple of 299?
True
Does 292 divide 22362320?
False
Is 328 a factor of 3088774211?
False
Is 995328 a multiple of 18?
True
Does 1221 divide 786126267?
False
Does 9 divide 84643890?
False
Is 31 a factor of 1503346705?
True
Is 344 a factor of 37050176?
True
Does 2819 divide 2615466661?
False
Is 596553876 a multiple of 2716?
False
Does 358 divide 8404589?
False
Is 1003372 a multiple of 284?
True
Is 7093 a factor of 904168932?
False
Does 281 divide 193143897?
False
Is 775 a factor of 8575018?
False
Is 1590 a factor of 1582060392?
False
Is 21221729 a multiple of 622?
False
Is 1878 a factor of 345816798?
True
Is 19801320 a multiple of 308?
True
Is 769684305 a multiple of 23?
True
Is 305 a factor of 91435340?
True
Is 52 a factor of 76758344?
True
Is 31373923 a multiple of 68?
False
Is 5006188 a multiple of 217?
False
Is 99 a factor of 59114793?
False
Is 50227172 a multiple of 118?
True
Is 21 a factor of 905792873?
False
Is 1257 a factor of 2537883?
True
Is 76 a factor of 201257548?
False
Does 1961 divide 396659074?
False
Is 150027397 a multiple of 83?
True
Is 9655037 a multiple of 23?
False
Does 2806 divide 100230655?
False
Does 12 divide 387089052?
True
Does 471 divide 100586854?
False
Is 579517802 a multiple of 94?
True
Does 436 divide 52208313?
False
Is 31231653 a multiple of 22?
False
Does 8 divide 25823304?
True
Does 50 divide 1591412030?
False
Is 1846 a factor of 5960734?
True
Does 6511 divide 678341772?
False
Does 386 divide 29187004?
True
Does 352 divide 1082368529?
False
Is 736929575 a multiple of 15?
False
Is 328 a factor of 146005257?
False
Is 38772928 a multiple of 26?
False
Is 28044912 a multiple of 159?
False
Is 2535 a factor of 1160375970?
True
Is 46282818 a multiple of 14?
False
Is 1395 a factor of 160698420?
True
Does 85 divide 202000885?
True
Does 1443 divide 27132729?
True
Does 8 divide 165823812?
False
Does 945 divide 11023193?
False
Is 4956501 a multiple of 53?
False
Is 15373260 a multiple of 49?
True
Is 11936281 a multiple of 865?
False
Does 31 divide 244220659?
False
Does 22 divide 1100711964?
True
Is 46401397 a multiple of 33?
False
Is 142 a factor of 3253075?
False
Is 1586 a factor of 275459652?
True
Is 1938204040 a multiple of 557?
True
Does 169 divide 35989226?
True
Does 97 divide 424059362?
True
Does 2738 divide 2836043702?
False
Is 588 a factor of 21787752?
True
Is 645 a factor of 3127687653?
False
Does 22 divide 483903112?
True
Does 170 divide 579193999?
False
Is 75972554 a multiple of 412?
False
Does 11 divide 3738796?
False
Is 5523573 a multiple of 639?
False
Is 7 a factor of 165110304?
False
Is 15 a factor of 25641317?
False
Is 311523867 a multiple of 19?
True
Does 1414 divide 1197510308?
False
Is 124 a factor of 30712773?
False
Is 1283042960 a multiple of 2650?
False
Is 2665959452 a multiple of 676?
True
Is 259 a factor of 1222998?
True
Does 751 divide 113215503?
True
Is 449595065 a multiple of 1144?
False
Is 43917195 a multiple of 21?
True
Does 37 divide 12859350?
True
Does 3266 divide 53970650?
True
Is 8 a factor of 2649162?
False
Does 4717 divide 285917157?
False
Is 59 a factor of 100494838?
False
Does 722 divide 256359818?
True
Is 889610217 a multiple of 13?
False
Is 115667935 a multiple of 3272?
False
Is 20825370 a multiple of 274?
True
Is 141 a factor of 61866133?
False
Does 23 divide 2077206826?
False
Is 72551245 a multiple of 273?
False
Is 58 a factor of 3680395806?
False
Is 2763 a factor of 324414882?
True
Is 5 a factor of 242486?
False
Is 6 a factor of 20926338?
True
Is 12 a factor of 1268220?
True
Is 140896328 a multiple of 9?
False
Is 51587256 a multiple of 168?
True
Does 5 divide 677048?
False
Is 12335694 a multiple of 422?
False
Is 11636866 a multiple of 382?
True
Does 13 divide 28734563?
True
Is 13 a factor of 93537522?
True
Is 2028725992 a multiple of 237?
False
Is 29456626 a multiple of 2?
True
Is 54 a factor of 62461755?
False
Is 287 a factor of 208260976?
True
Is 1191701392 a multiple of 214?
False
Does 211 divide 641145444?
True
Is 15125458 a multiple of 1248?
False
Is 9303124 a multiple of 311?
False
Does 4 divide 4970121?
False
Is 495547488 a multiple of 288?
True
Does 194 divide 24653326?
True
Is 41797659 a multiple of 27?
False
Is 54 a factor of 122230021?
False
Is 1697 a factor of 4422741269?
False
Is 144 a factor of 3815832240?
True
Is 787185845 a multiple of 129?
False
Is 530959508 a multiple of 1532?
False
Is 83 a factor of 2011652826?
False
Does 426 divide 274136089?
False
Does 536 divide 1434080686?
False
Is 38505224 a multiple of 248?
True
Is 363287816 a multiple of 94?
True
Is 7 a factor of 46555973?
False
Is 651 a factor of 93488157?
True
Does 180 divide 32763551?
False
Is 10 a factor of 37219568?
False
Is 45338826 a multiple of 79?
False
Is 46 a factor of 475837235?
False
Is 165 a factor of 609409680?
True
Does 1562 divide 59491651?
False
Does 19 divide 59616403?
False
Is 322542104 a multiple of 62?
True
Is 458 a factor of 245858007?
False
Does 16 divide 454139437?
False
Does 10 divide 1205147922?
False
Is 3259 a factor of 480024628?
True
Does 1407 divide 533581252?
False
Is 397 a factor of 6352000?
True
Is 132821932 a multiple of 32?
False
Does 31 divide 137902694?
True
Does 58 divide 1932031446?
True
Is 42079950 a multiple of 15?
True
Is 94 a factor of 157985988?
True
Does 907 divide 32947281?
False
Is 75 a factor of 99537375?
True
Is 18 a factor of 195984458?
False
Is 707 a factor of 32030034?
False
Is 8099 a factor of 652330424?
False
Is 1392 a factor of 330540144?
True
Does 1494 divide 83624603?
False
Is 190 a factor of 41936040?
True
Is 265707178 a multiple of 2?
True
Is 57 a factor of 10892111?
False
Is 104029676 a multiple of 478?
False
Is 64 a factor of 118459656?
False
Does 2442 divide 410690676?
True
Is 4532572 a multiple of 11?
True
Does 445 divide 1031638160?
True
Does 25 divide 89378425?
True
Is 315482221 a multiple of 176?
False
Does 1422 divide 35117384?
False
Is 11976011 a multiple of 347?
True
Is 304704734 a multiple of 34?
False
Is 257 a factor of 282448654?
True
Does 1318 divide 28510976?
True
Is 141375630 a multiple of 1260?
False
Does 22 divide 952022223?
False
Does 174 divide 411416562?
True
Does 72 divide 49364478?
False
Is 3 a factor of 33007903?
False
Is 1491 a factor of 9217362?
True
Does 272 divide 289022472?
False
Does 76 divide 44984736?
False
Does 1621 divide 29802085?
True
Is 3641 a factor of 854514900?
False
Is 7545 a factor of 3882451851?
False
Is 1009357785 a multiple of 48?
False
Is 1103 a factor of 337887050?
False
Is 13912092 a multiple of 110?
False
Is 80 a factor of 81378805?
False
Is 416 a factor of 130802880?
True
Is 59 a factor of 25857517?
True
Is 7484192 a multiple of 22?
False
Is 19 a factor of 98991425?
True
Is 78857672 a multiple of 14?
False
Is 396 a factor of 40731390?
False
Is 153259029 a multiple of 231?
True
Is 78 a factor of 81173136?
False
Does 2 divide 44098871?
False
Does 3 divide 8321999?
False
Does 3896 divide 1193449992?
True
Does 2492 divide 240915609?
False
Is 207930036 a multiple of 6?
True
Is 190 a factor of 839396162?
False
Is 640 a factor of 106572800?
True
Is 690 a factor of 228137693?
False
Is 74667370 a multiple of 1315?
False
Is 63419513 a multiple of 860?
False
Does 16 divide 1142094233?
False
Is 479519021 a multiple of 442?
False
Is 140 a factor of 336058520?
True
Is 90 a factor of 596308950?
True
Is 385920704 a multiple of 832?
True
Is 34 a factor of 6574376?
True
Is 803 a factor of 1385207120?
True
Is 63 a factor of 2460534?
False
Does 516 divide 98551356?
True
Is 28336480 a multiple of 16?
True
Is 96809145 a multiple of 2510?
False
Is 6 a factor of 130842330?
True
Is 64668109 a multiple of 109?
False
Is 13284048 a multiple of 823?
False
Is 101 a facto